0*b - 4*d + v, 5*d - 163 = -2*b. Suppose 2*n + 29 = b. What is the remainder when n is divided by 9?
7
Suppose 0 = p - 4*p. Suppose p = -g + 4*g. Suppose g = 5*h + 3*q - 27, -2*h + 3*q = 8 - 2. Calculate the remainder when 11 is divided by h.
2
Let l = 133 - 111. Calculate the remainder when l is divided by 12 - -1 - (2 - 1).
10
Let u(g) = -11*g + 7. Calculate the remainder when u(-8) is divided by 24.
23
Suppose -u = -5*b + 2*b + 3, 0 = -3*b - 4*u + 18. Suppose b*v = 6*v - 184. What is the remainder when v is divided by 12?
10
Let x = -62 + 116. What is the remainder when x is divided by 15?
9
Let g(m) = 2*m + 7. What is the remainder when g(10) is divided by (0 - 15/2)*-2?
12
Let h be (-708)/20 + (-2)/(-5). Let g = h + 71. What is the remainder when g is divided by 1 - (-16 - (1 + 1))?
17
Suppose -5*s - 5*a - 16 + 126 = 0, 0 = -2*s - 5*a + 53. What is the remainder when (3/(-2))/((-2)/96) is divided by s?
15
Suppose 2*h + 3*h + 3*c = 96, 5*c = 10. Calculate the remainder when 34 is divided by h.
16
Let v(d) = 10 + 4*d - 9 - 3*d + d. What is the remainder when 12 is divided by v(3)?
5
Let d = 55 - -30. Suppose -3*p = -2*u - d, 0 = -5*p + u - 5*u + 127. What is the remainder when p is divided by 7?
6
Suppose 0 = -2*u + 6*u - 60. Suppose 0 = -4*f - 3*c + 13, 5*c = -4*f - 2 + 5. Calculate the remainder when u is divided by (-24)/(-18)*(f + -1).
7
Let i be ((-12)/9)/(1/(-3)). Suppose t - 20 = -i. What is the remainder when 47 is divided by t?
15
Suppose 0 = 5*m - 101 - 99. Let t(h) be the second derivative of -h**5/10 - h**4/12 + h**2 + h. What is the remainder when m is divided by t(-2)?
12
Suppose -3*m = -2*m - 109. Suppose -4*j - 10 = j, 3*a = 5*j + m. Calculate the remainder when a is divided by 7.
5
Suppose 2*j - 324 = 3*r, 0*r + 418 = -4*r - 2*j. Let w(c) = -c**3 + 9*c**2 - 4*c - 7. Calculate the remainder when w(8) is divided by (-2)/8 - r/8.
12
Let i = 46 - 40. What is the remainder when i is divided by 1?
0
Let k(y) = -y**2 - 6*y. Let u be k(-5). Suppose -t + u*t = 0. What is the remainder when 20 is divided by (t + -3)*(-7)/3?
6
Suppose -10*o + 13*o = 204. Calculate the remainder when o is divided by 18.
14
Suppose 0 = 3*q - 2*g - 3 + 13, 2*q = 3*g. What is the remainder when 31 is divided by ((-2)/q)/((-2)/(-66))?
9
Suppose 0 = -6*j + 102. What is the remainder when 60 is divided by j?
9
Suppose -38 + 270 = 4*v. Suppose v = 5*g - 27. Let s = 130 - 81. Calculate the remainder when s is divided by g.
15
Let i(k) = 7*k**3 - 2*k - 1. Let a be i(-1). Let u = -8 - -29. Calculate the remainder when u is divided by (-44)/6*a/4.
10
Suppose 5*w - 5*l - 50 = 0, w + 3*l - 24 = -2. Let b = 6 - 1. Calculate the remainder when w is divided by b.
3
Suppose 0 = 5*s + 4*f - 115, 8*s - 2*f - 69 = 5*s. What is the remainder when s is divided by 13?
10
Let x be 4 - (1 + -2 + 1). Let k be (-2 - 3)*x/(-5). Suppose -k*h = -38 - 10. Calculate the remainder when h is divided by 7.
5
Let d(b) = -2*b. Let x be d(-2). Suppose -79 = -x*n + 13. Suppose 2*j = -5*p + 337, 4*p = 2*j + 209 + 57. Calculate the remainder when p is divided by n.
21
Let z(t) = -2*t**2 + 20*t - 12. What is the remainder when (-98)/(-10) - 1/(-5) is divided by z(9)?
4
What is the remainder when 88 is divided by (4 + -2 + -1)*15?
13
Let t = -5 - -12. Suppose -3*u + 60 = -2*c, -4*c + 15 = u - 5. Calculate the remainder when u is divided by t.
6
Calculate the remainder when 912/6 - (-2 - 1) is divided by 39.
38
Suppose -51*s = -53*s + 188. Calculate the remainder when s is divided by 32.
30
Let v = -8 + 32. Calculate the remainder when v is divided by 9.
6
Let z be 3*-2*2/(-6). Let m(k) = 8*k**2 - 4*k + 4. Calculate the remainder when 54 is divided by m(z).
26
Suppose -a = 5*p - 148 + 23, -5*p - 5*a = -145. Calculate the remainder when p is divided by 13.
11
Let z = 55 - 26. Calculate the remainder when z is divided by (3/(-6))/(2/(-40)).
9
Let o(r) = -r + 6. Let b be o(8). Calculate the remainder when b - (-1 - 83)/3 is divided by 11 + -3 + 5 + 1.
12
Suppose p + 292 = 4*i - 3*p, 125 = 2*i + 5*p. Suppose -7*v + 12*v = i. Calculate the remainder when 23 is divided by v.
9
Let j(b) = -2*b + 5. Let a(f) be the second derivative of f**3/6 - f**2/2 + f. Let o(i) = -6*a(i) - j(i). Calculate the remainder when 13 is divided by o(-1).
3
Let h be 6/(-14) + 95/(-7). What is the remainder when 54 is divided by h*(-1)/(-3)*-3?
12
Let b = 58 - 42. Calculate the remainder when 45 is divided by b.
13
Let p = 54 - 38. Calculate the remainder when -94*(-3)/((-6)/(-1)) is divided by p.
15
Let y be 0/(-2) - (-1 - 1). Suppose -y*r = -r - 10. Calculate the remainder when r is divided by 2/(-3*(-5)/45).
4
Suppose 0 = 4*h - 16, -4*r + 48 - 4 = -2*h. What is the remainder when 51 is divided by r?
12
Let v(q) = -4*q - 3. Suppose 0 = h - 4*h - 12. Suppose -7*l + 31 + 228 = 0. Calculate the remainder when l is divided by v(h).
11
Suppose 0 = 3*d - 2*h - 0*h - 17, 3*d - h - 16 = 0. What is the remainder when 14 is divided by d?
4
Let j = 65 + -52. What is the remainder when j is divided by 11?
2
Suppose -a = -0*a - 11. Let w be (-3)/4 - (-3)/4. Suppose 0 = -w*x + 3*x - 93. Calculate the remainder when x is divided by a.
9
Suppose 4*j - 10 = 2. Suppose -3*t - 17 + 68 = 0. Suppose -19 = -j*i + t. Calculate the remainder when i is divided by 7.
5
Let r be 9 + -9 + 12 + 1. Let x = r - 9. Calculate the remainder when (-7 + 1)*(-7)/3 is divided by x.
2
Let r(s) = 3*s - 7. Let a be r(4). Suppose u + 16 = a*u. Let w(l) = l**2 - 2*l + 2. Calculate the remainder when 17 is divided by w(u).
7
Suppose 0 = 5*h + 4*o - 326, -2*h + h + 82 = 5*o. Calculate the remainder when h is divided by 16.
14
Let u(f) = 14*f - 1 + 0*f + 0*f + 2*f. Calculate the remainder when u(3) is divided by 25.
22
Suppose -3*y - t = -5*y + 56, 4*t - 153 = -5*y. What is the remainder when 115 is divided by y?
28
Suppose -4*z + 58 = 3*q, -4*z + z = 5*q - 49. Let y = -1 - -6. Calculate the remainder when z is divided by y.
3
Let f = -8 + 14. What is the remainder when 5 + (0 - (-3 + f)) is divided by 2?
0
Suppose 0 = 5*w + 3*m - 8*m - 60, 5*m = -4*w + 75. Suppose 0 = 3*f - w - 33. Calculate the remainder when 46 is divided by f.
14
Let q(j) = j + 13. Calculate the remainder when 3 is divided by q(-10).
0
What is the remainder when 86 is divided by (16/32)/((-1)/(-16))?
6
Let v(g) = g + 8. Let s be v(-7). Let m be 7/4 - s/(-4). Suppose -5*y + 173 = -4*f, m = -f + 5. Calculate the remainder when y is divided by 13.
11
Calculate the remainder when 71 is divided by (-1 - 2)*(-87)/9 + -4.
21
Calculate the remainder when (-5 + 4 - -2) + 24 + 0 is divided by 13.
12
Let h(l) = -l**3 + 8*l**2 + 4*l + 10. Calculate the remainder when h(7) is divided by 22.
21
Suppose z = -2*n + 26, -4*z + 9*z = -4*n + 58. What is the remainder when 45 is divided by n?
9
Let k = 23 - 16. Suppose l + 2 - k = 0. Let x = 29 + -16. Calculate the remainder when x is divided by l.
3
Let t(h) = -h**2 + 9*h + 4. Let p = 4 - 0. Suppose p*i = -i + 35. What is the remainder when t(i) is divided by 10?
8
Suppose 0 = 3*l - 5*t - 14, -3*l + 4*t + 0*t = -16. Let v = 1 - -13. Calculate the remainder when v is divided by l.
6
Calculate the remainder when 21 is divided by (2 - 2/3)*6.
5
Suppose 2*p - 31 = 99. Suppose -4*a + 9*a = p. Calculate the remainder when 25 is divided by a.
12
Suppose 0 = -0*a - 4*a - 60. Let v = 24 + a. Suppose 0 = 8*h - 22 - 106. What is the remainder when h is divided by v?
7
Suppose -235 = 20*p - 25*p. What is the remainder when p is divided by 14?
5
Calculate the remainder when 98 is divided by (6/5)/((-9)/(-150)).
18
Let z = 5 + -3. Suppose 3*r - 21 = 2*f + f, -3*f = z*r - 14. What is the remainder when r is divided by 3?
1
Let n = 67 - 57. What is the remainder when n is divided by 3?
1
Suppose -24 - 1 = 5*s, 5*l - s = -285. Let a = l - -88. Let n = -15 - -31. Calculate the remainder when a is divided by n.
14
Suppose 163*a - 164*a = -37. Calculate the remainder when 143 is divided by a.
32
Suppose 5*v = 5*k - 135, 0 = 2*k - 3*k - 5*v + 3. Calculate the remainder when 45 is divided by k.
22
Suppose 0 = -3*z - 5*t + 14, -6 - 2 = 4*t. Calculate the remainder when 13 is divided by z.
5
Suppose -4*i - 3*g + 29 = -38, 45 = 3*i + 4*g. What is the remainder when 73 is divided by i?
